0 - -1*(c + 6)?
5
Let m = 173 - 158. Let d = 23 - 32. What is the remainder when 3/(-9) - 246/d is divided by m?
12
Let b(h) = 4*h**2 - 9*h - 3. What is the remainder when b(-4) is divided by 3?
1
Let h(i) = i**3 + i**2 - 7. What is the remainder when h(4) is divided by 33?
7
Let g = 19 + -34. Let a = -4 - g. What is the remainder when a is divided by 4?
3
Let d = 18 - 12. Let l(n) = -1 - 3 + 3*n + 7*n - d*n. Calculate the remainder when 14 is divided by l(2).
2
Suppose 97*w - 83*w = 966. What is the remainder when w is divided by 38?
31
Suppose 42*l - 44*l + 138 = 0. What is the remainder when 134 is divided by l?
65
Suppose z + 15 = 3*c, -1 + 10 = c + z. Let x = 9 - c. Suppose 5*d + 22 = 2*j, x*j - 4*d = -j + 44. What is the remainder when j is divided by 6?
5
Suppose -5*t + 2700 = -0*t. Suppose -10*u + t = -u. Calculate the remainder when u is divided by 21.
18
Let p(q) = q**3 + 14*q**2 + 9*q + 6. Let b be p(-11). Suppose 0*n - 3*n = 0, -4*n + b = 5*m. Let w = -5 + m. Calculate the remainder when w is divided by 13.
10
Let y = 14 - -3. Let o be 2/(12/(-15) - -1). Calculate the remainder when (33/15 - -1)*o is divided by y.
15
Suppose -6*g + 36 = -2*g. Let u(i) = i**3 - 3*i**2 + 4*i - 3. What is the remainder when 8/18*g/2 is divided by u(2)?
0
Let j = -13 + 29. What is the remainder when j is divided by 9?
7
Suppose 6*z = 2*z + 128. Calculate the remainder when -18*(-4)/(-8)*-7 is divided by z.
31
Let l be (-32)/48*(-780)/2. Let k = l + -145. Calculate the remainder when k is divided by 29.
28
Let y = 100 + -85. Let q = -55 + 83. Calculate the remainder when q is divided by y.
13
Suppose -6*n - 4*n = -370. What is the remainder when n is divided by 11?
4
Suppose -3*m - 39 = -186. Calculate the remainder when 239 is divided by m.
43
Let n(d) = -4*d - 4. Let o be n(-8). Let z = 48 - o. Let k = -635 - -670. What is the remainder when k is divided by z?
15
Suppose 452 = -14*o + 1292. Calculate the remainder when 178 is divided by o.
58
Let n = -28 + 60. Let v = 40 - n. Let l = -29 - -42. What is the remainder when l is divided by v?
5
Let y = -109 + 72. Let b(r) = -6*r - 3. Let m be b(9). Let j = y - m. What is the remainder when j is divided by 8?
4
Let p be 0 + (0 + 1)*1. Let n be -10 - (4 + p + -4). Let f = n - -22. What is the remainder when f is divided by 3?
2
Let l = -1 + 6. Suppose 4*p + 51 = l*p - 5*o, 0 = -p + 3*o + 59. Calculate the remainder when p is divided by 19.
14
Calculate the remainder when 62 is divided by 96/27 - (-20)/(-45)*-1.
2
Let t(g) = -g**2 - 8*g + 11. Let u be t(-10). Let c(w) = w**2 + 6*w + 3. Suppose -8 = -0*j - j. What is the remainder when c(u) is divided by j?
6
What is the remainder when 157 is divided by 4/(-3)*(-15)/2?
7
What is the remainder when (15/6)/((-5)/(-164)) is divided by 69?
13
Suppose 17 = -b + 2*b. Let c = -16 + b. Calculate the remainder when (-759)/(-18) + c/(-6) is divided by 15.
12
Let i = 325 + -149. Calculate the remainder when i is divided by 90.
86
Suppose 5*f + 15 = 10*f. Suppose -f*y + 28 = 1. What is the remainder when y is divided by 8?
1
Let f = 14 - 12. Suppose -f*s + 4*s = 4. Suppose s*p + 16 = 4*p. Calculate the remainder when 14 is divided by p.
6
Let u(t) = -64*t + 5. Let d be u(1). Let s = d + 99. Calculate the remainder when s is divided by 15.
10
Let v(n) = n**3 + n**2 - 3*n + 2. What is the remainder when v(3) is divided by ((-60)/8)/((-70)/168)?
11
Suppose 5*k - 346 = 2*n - n, -k + 82 = 3*n. What is the remainder when 1468 is divided by k?
68
Let f = -637 - -639. Suppose l - 14 = -3*s, 3*s = l - s + 14. What is the remainder when f/(l*2/64) is divided by 12?
8
Suppose 16 + 4 = 5*l. Let f be 8/6 - 24/(-9). Suppose -3*r = -3, -5*v + f*r + 31 = -0*r. Calculate the remainder when v is divided by l.
3
Suppose -543 = -4*r + 585. Suppose 40 = -11*z + r. Calculate the remainder when 65 is divided by z.
21
Let h be (1/(-3))/(3/(-45)). Suppose h*g = -7 + 32. Suppose 0*w + 116 = g*p - 4*w, 3*w = 3*p - 69. What is the remainder when 94 is divided by p?
22
Let r be (-4)/16*-4 - 1. Suppose r*s + b = -s + 21, 9 = s + 4*b. What is the remainder when 98 is divided by s?
23
Let i = 2553 - 2357. Calculate the remainder when i is divided by 11.
9
Let v = 91 - 65. Suppose 0 = -a - a - h + v, 3*h = a - 6. What is the remainder when (-3)/(a/(-116)) + 1 is divided by 8?
6
Let f be 3624/42 + 6/(-21). Suppose j = -2*d + 55, 6*j + 2*d = 8*j - f. What is the remainder when j is divided by 12?
11
Suppose -5*o + 116 = -k, 3*k = -4*o + 32 + 76. What is the remainder when o is divided by 22?
2
Suppose -5*d = 3*t - 45, -16 = -d - t - 5. Suppose 0 = 2*c + 5*s - 36 + 6, 31 = 3*c + 4*s. Calculate the remainder when (3/2)/(d/48) is divided by c.
2
Calculate the remainder when 276 is divided by 3/11 - 26359/(-473).
52
What is the remainder when 797 is divided by ((-16)/24*(-1269)/(-6))/(-3)?
45
Let i = -284 - -289. Let h be (-18)/(-8) - 2/8. Suppose 0*o = h*o - 32. Calculate the remainder when o is divided by i.
1
Let n = 333 + -289. What is the remainder when (3/2)/((-6)/(-344)) is divided by n?
42
Calculate the remainder when (936 + (-1 - 0))*(-176)/(-440) is divided by 38.
32
Let v = 390 + -376. What is the remainder when 54 is divided by v?
12
Let w(l) = l**3 - 42*l**2 - 88*l + 7. Suppose o - 6*o = -130. Calculate the remainder when o is divided by w(44).
5
Let l(c) = 6*c**2 - 56*c - 60*c + 101*c + c**3 - 2. Suppose 30 = -2*d + 3*d. What is the remainder when l(-6) is divided by d?
28
Suppose 633*c - 618*c = 510. What is the remainder when 574 is divided by c?
30
Suppose -7*u + 596 = -3*u. Suppose 150 = -70*c + 76*c. What is the remainder when u is divided by c?
24
Let g be (-224)/(-20) + -6 - (-8)/10. Calculate the remainder when (-2 + 20/g)*24 is divided by 17.
15
Suppose -5*p = -2*q + 9 + 21, 3*q = -2*p + 7. Let k(c) = 5*c**2 - 5*c - 8. Let b be k(p). Calculate the remainder when (b/(-16))/((-3)/24) is divided by 24.
22
Let a = -62 + 59. Calculate the remainder when -1 - (57/6)/(a/6) is divided by 5.
3
Suppose 0 = 15*l + 5*l - 1080. What is the remainder when l is divided by 24?
6
Let p(j) = 3*j - 4*j + 18 + 2*j. Let c be p(-8). Let f(k) = -k**3 + 9*k**2 + 13*k - 3. What is the remainder when f(c) is divided by 6?
3
Let v = 948 + -906. What is the remainder when 76 is divided by v?
34
Suppose -622*u + 629*u = 91. Calculate the remainder when 488 is divided by u.
7
Let n be (-6)/(-5) + -1 - 186/5. Let j = n - -98. Calculate the remainder when j is divided by 22.
17
Let f = 48 + 14. Suppose 13*y - 3*k - 39 = 10*y, f = 4*y - 2*k. What is the remainder when 24 is divided by y?
6
Suppose -4*k + 437 + 259 = 0. Suppose 5*a - 5*x - 51 - k = 0, -5*a + 2*x = -222. What is the remainder when a is divided by 15?
14
Suppose -3*h + 136 = 52. Suppose 98*s = 102*s - h. What is the remainder when 12 is divided by s?
5
Let q(y) be the first derivative of y**4/4 + 8*y**3/3 + 5*y**2/2 + 2*y - 8. What is the remainder when q(-5) is divided by 11?
8
Let h = 471 - 438. What is the remainder when 78 is divided by h?
12
Suppose -27 = -2*f + 21. Let w be ((-3)/12)/(6/f). What is the remainder when (-3 + 2)/(w/55) is divided by 19?
17
Let b(j) = -4*j**3 + 9*j**2 - 4*j + 5. Let h(d) = -3*d**3 + 8*d**2 - 3*d + 6. Let i(c) = -2*b(c) + 3*h(c). Calculate the remainder when 109 is divided by i(5).
25
Let w(q) = q**2 + 14*q - 17. Let v be w(-12). Let l = v + 96. Calculate the remainder when l is divided by 15.
10
Let a = 36 - 37. Let w(u) = -4*u**3 - u - 1. Let q be w(a). Let l(v) = 7*v - 14. What is the remainder when 41 is divided by l(q)?
13
Let l(t) = 2*t**2 + 4*t - 1. Let a be l(-3). Let q(u) = -5*u - 3 - a + 2 + 1. Calculate the remainder when q(-4) is divided by 9.
6
Let r(c) = -5*c**3 + 3*c**2 + c. Let o be r(-2). Calculate the remainder when (96/(-5))/((-6)/20) is divided by 4 + -7 - o/(-2).
20
Let b = 78 - 116. Calculate the remainder when (0 - (-3)/(-2)) + (-741)/b is divided by 5.
3
Suppose 4*h = -0*h + 2*v + 600, -2*v - 302 = -2*h. Suppose -17 = 4*k - h. What is the remainder when k is divided by 19?
14
Suppose -7*d + 3*d - 5*f = -144, -d = -f - 45. Let v = -36 + 57. Calculate the remainder when d is divided by v.
20
Let j(h) = -2*h + 39. What is the remainder when j(-16) is divided by 38?
33
Suppose -5*r + 0*x + 340 =